 of v?
3, 17
Suppose 531 = -6*j - 285. Let p = 11 - j. List the prime factors of p.
3, 7
Let p(l) = l**2 + 4*l - 2. Suppose -4*n + 5*c + 43 = 0, n = -c - 2*c - 2. Let s be p(n). List the prime factors of ((-44)/(-33))/(2/s).
2, 5
Let g = 35 + -30. Suppose d = -w - 13, -g*d = w + w + 74. Let t(a) = -a**2 - 17*a + 14. List the prime factors of t(d).
2, 3, 5
Suppose -4*r + 2*r = 918. What are the prime factors of r/(-5) - 2/(-10)?
2, 23
Suppose 5*j - 2*j = -3*p + 24, 4*p = j + 37. Let b be -1 + -4*p/(-12). List the prime factors of ((-29)/b)/((-1)/2).
29
Suppose f - g + 4*g = -10, -4*f - 8 = 4*g. What are the prime factors of -3 + -1 + f + 220/2?
2, 3
Suppose 3*g = 3*o + 4686, -13*o + 9*o = 8. List the prime factors of g.
2, 3, 5, 13
List the prime factors of -4*(-5)/20*(-1847)/(-1).
1847
Suppose -58*x + 60*x + 12 = 0. Let l(a) = a**3 + 6*a**2 - 3*a + 5. List the prime factors of l(x).
23
Suppose s + 3*a = -5, -5*s + a - 2*a = 81. Let b be 2/s + (-514)/(-34). Suppose 0 = g - 11 - b. What are the prime factors of g?
2, 13
Let d = -7 + 4. Let o be (-4)/(8/(-26))*2. What are the prime factors of -2 - o/(d - -2)?
2, 3
Suppose 2*q + 45 = 7*q. Let i be (-1 + q)*16/32. Suppose 3*l = i*l - 28. What are the prime factors of l?
2, 7
Let v be (2 - (-14)/(-6))*-6. Let t = v + 32. What are the prime factors of t?
2, 17
List the prime factors of (-114570)/(-81) - 10 - (-8)/(-18).
2, 3, 13
Let w = 8 + 128. Let t = w + -52. List the prime factors of t.
2, 3, 7
Suppose 0 = 61*z - 60*z - 104. List the prime factors of z.
2, 13
Suppose 5*j - 2904 = -4*s + 10*j, -s - 5*j = -726. Let t = s + -503. What are the prime factors of t?
223
Let p(b) = -1461*b - 235. What are the prime factors of p(-3)?
2, 17, 61
Let m = 5131 - 1129. List the prime factors of m.
2, 3, 23, 29
Suppose 16*w - 5285 + 1685 = 0. What are the prime factors of w?
3, 5
Suppose 15399 + 4611 = 15*i. List the prime factors of i.
2, 23, 29
Let h be (-8)/(-12)*(-9)/6 + 23. Suppose 25*u = h*u + 309. What are the prime factors of u?
103
What are the prime factors of (5 + -1)*(10952/32 - 12)?
1321
Let h = 6 + -9. Let g(q) = -q**3 - q**2 - 2*q + 3. Let w be g(h). Suppose 0 = 3*j - 159 - w. What are the prime factors of j?
2, 31
Suppose -4*r - 5*o = -320, -r + 5*o + 73 = -32. List the prime factors of r.
5, 17
Suppose 4*s + 4*a + 12472 = 0, 6625 - 413 = -2*s + 4*a. List the prime factors of (-4)/22 - s/66.
47
Let b be (-27)/(-6)*(-4)/(-9). Suppose d + 5*a + 10 = b*a, 2*a = -5*d + 15. Suppose -d*k = 3*q - 194, -k - k = q - 78. What are the prime factors of k?
2, 5
Let g(o) = 820*o + 270. What are the prime factors of g(4)?
2, 5, 71
Let g = -2 + 0. Let b be 9*(-6 - g)/(-12). What are the prime factors of b/1 - 1 - -27?
29
Let i(w) = 30*w + 5 + 3 - 20 + 11. Suppose -j + 2*k = -2*j + 3, 2*k - 6 = -4*j. List the prime factors of i(j).
29
Suppose -3*v - 5*w = -662, 17*v - 1093 = 12*v + 2*w. What are the prime factors of v?
3, 73
Let q = 1377 + -661. What are the prime factors of q?
2, 179
Suppose -7*v = -4*v - 6. Suppose d + 3*r - 13 = -4*d, -5*d + 17 = v*r. Suppose -d*l = -7*l + 94. List the prime factors of l.
47
Let g(i) = 4*i**2 - 3*i + 1600. List the prime factors of g(0).
2, 5
Let w = -273 + 539. Suppose 0 = 5*o + 31 - w. What are the prime factors of o?
47
Let a(c) = 54*c**2 + c + 3. List the prime factors of a(6).
3, 7, 31
Let p = 1183 - 163. List the prime factors of p.
2, 3, 5, 17
Let g(s) = -16*s - 11. Let o be g(5). Let k = -48 - o. Let w = k - 30. List the prime factors of w.
13
Let l(h) = -2*h + 15. Let y(s) = -2*s + 16. Let q = -16 - -18. Let d(t) = q*y(t) - 3*l(t). What are the prime factors of d(11)?
3
Suppose -1110 = -72*d + 70*d. What are the prime factors of d?
3, 5, 37
Suppose -4*l = 5*k - 130, -3*k = -2*l - 14 + 90. List the prime factors of 5467/l + 1/(-5) - -4.
2, 5
Let y = 13 - 9. Let t(i) be the third derivative of i**4/4 - 7*i**3/6 + 3*i**2. List the prime factors of t(y).
17
Suppose 91*o = 93*o + 3*k - 1069, -o + 548 = -3*k. List the prime factors of o.
7, 11
What are the prime factors of ((-6)/12)/(1/8742*-3)?
31, 47
Suppose 0 = -3*w - 5*w + 48. Suppose -128 = w*i - 470. What are the prime factors of i?
3, 19
Let x(c) = -48*c - 4. What are the prime factors of x(-13)?
2, 5, 31
Let n = 429 + -121. Suppose n + 295 = 9*x. What are the prime factors of x?
67
Suppose -2*o - 4*l = 74, -3*o + 3*l = 2*l + 132. Let m = 84 + o. Let b = m + -10. What are the prime factors of b?
31
Suppose -2*p + 1022 = 154. Suppose -4*v + 38 = -p. List the prime factors of v.
2, 59
What are the prime factors of (-363)/2*(51 + -53)?
3, 11
Let f = 1874 + 214. What are the prime factors of f?
2, 3, 29
Suppose -6*f = -7*f + 4. Suppose -a + 23 = 3*y, -5*a + f*a - 33 = -5*y. Let i = y - -6. List the prime factors of i.
13
Suppose 0*s = -4*s + 800. Suppose -25*q = -20*q - s. List the prime factors of q.
2, 5
Suppose 0 = 4*m - 9*m + 90. What are the prime factors of 37 + 1 - m/(-6)?
41
Let w(y) = 44*y**2 + 25*y + 6. List the prime factors of w(-4).
2, 5, 61
Let p(l) = 5 - 1 - 5*l**3 + 2*l - 10 + 3. What are the prime factors of p(-3)?
2, 3, 7
Let u be (-10)/50 + 1622/10. Suppose -70*d = -73*d + u. List the prime factors of d.
2, 3
Suppose 6*s + 2*s - 32 = 0. Suppose -v - 349 = -5*x, x - s*v = 5*x - 284. List the prime factors of x.
2, 5, 7
Let b be ((-10)/(-25))/(2/5). Suppose -b - 8 = -3*r. Suppose y - 56 = -r*s, 0*s + 5*s - 100 = -5*y. What are the prime factors of s?
2, 3
Suppose 0 = 5*z - 4*z - t - 299, -869 = -3*z - 4*t. What are the prime factors of z?
5, 59
Let a(o) = -78*o - 278. List the prime factors of a(-8).
2, 173
Suppose 5*a - 4 = 11. Suppose -a*z = -6, -2*u = -z + 2*z - 6. Suppose s - 5*d - 34 = -d, 0 = u*d + 6. What are the prime factors of s?
2, 11
Let k(f) = -8*f - 24. Suppose s - 5*s + 50 = -5*m, 4*m - 3*s = -41. List the prime factors of k(m).
2, 11
Let s = -2 + 2. Let q(d) = -d**2 + 4*d + 1. Let v be q(3). Suppose s*c = v*c - 16. What are the prime factors of c?
2
Let o(j) = 2*j**2 - 2*j. Let r be o(-10). Suppose -7*a + r = -2*a. List the prime factors of a.
2, 11
Suppose -3*m + 6*m - 12 = 0. Suppose -4*y - 4*g = m, 5*g - 2 = -17. List the prime factors of y.
2
Suppose -4*a = -4 - 4. Suppose 2*h = -a*h + 20. List the prime factors of h.
5
Let f(b) = -6*b**2 + 14*b + 1. Let l(o) = o**2 - o - 1. Let j(s) = f(s) + 5*l(s). Let a be j(4). Suppose -11*d = -a*d + 55. What are the prime factors of d?
11
List the prime factors of 55*11 + 6*(-14)/21.
601
Suppose 0 = -3*h + 3*x + 9175 + 2033, 2*x = -3*h + 11218. What are the prime factors of h?
2, 3, 7, 89
Suppose 7 = -9*k - 47. List the prime factors of 1/2 + (-375)/k - -3.
2, 3, 11
Suppose -2*v = 3*v - 15. Suppose 2*j + 2*s = 94, 0 = -2*j - v*j - 3*s + 237. What are the prime factors of j?
2, 3
Let v be (-7)/(-3) - (-2)/(-6). Suppose 4 = -0*u + u. Suppose 0*n + 5*n = -5*g + 10, v*g = -u. What are the prime factors of n?
2
Let n = 358 + -79. What are the prime factors of n?
3, 31
Let i(m) = 17*m + 13. What are the prime factors of i(4)?
3
Let p be (-9)/(-2) + (-1)/2. What are the prime factors of ((-78)/6)/((-2)/p)?
2, 13
Suppose 0 = 3*q - 6. Suppose 5*o - 37 = 2*s, -7*o = -q*o + 4*s - 61. Suppose o = -3*m, 4*m = -3*f - f + 64. List the prime factors of f.
19
Suppose -4*r = -0*r + 4*d - 1220, r + 5*d = 321. Suppose w - 47 = -3*p + r, 3*p + 5*w - 360 = 0. What are the prime factors of p?
5, 23
Suppose 3*s + 2*k - 2 - 2 = 0, -4*s + 2*k + 10 = 0. Suppose -3*o = -s*q - q + 228, -2*q = -3*o - 151. List the prime factors of q.
7, 11
Suppose -6 = 25*d - 27*d. List the prime factors of d.
3
Let x(s) = 3*s - 38. Let b be x(14). Suppose -b*g = 4*p - 124, 2*p + 4*g - 58 + 2 = 0. What are the prime factors of p?
2, 17
Let o = 1218 + -545. Suppose -4*j + 334 = 3*q - 177, 0 = 4*q - 3*j - o. List the prime factors of q.
13
What are the prime factors of ((-35180)/(-30))/(4/6)?
1759
What are the prime factors of 1474/16 + (-8)/64?
2, 23
Let b(i) = -14*i + 2. Let p(h) = -1. Let y(a) = b(a) + 2*p(a). What are the prime factors of y(-7)?
2, 7
Let t = -17 + -4. Let w = -13 - t. What are the prime factors of w?
2
Let p be 21*35/(-3)*76/(-133). Let s = -56 + p. What are the prime factors of s?
2, 3, 7
List the prime factors of -740*((-7)/(-7) + -5).
2, 5, 37
Let z = 44 + -30. Let